26.
-25
What is the value of 9 - ((7 - 5) + -23 + 8)?
22
((14 - 10) + -5 - 3) + 0
-4
Calculate (-9 - -3) + 2 - (3 + 3 - 10).
0
What is the value of 18 + -1 + (-8 - -3 - -8 - 10)?
10
Evaluate 9 + (-12 - -4) + -2 - (6 + -1).
-6
Evaluate (-7 - (2 + -2 + -31 + 8)) + 5.
21
What is the value of 6 - ((3 - 3) + (-8 - (5 - 23)))?
-4
Calculate 8 + (5 - 8) - -4.
9
-12 - (4 - 12 - 4)
0
What is the value of 38 + -37 + -34 + 34?
1
What is 5 + -3 + 2 - 8 - -19?
15
Calculate -23 - (-9 + -19 - -13).
-8
1 - -11 - (71 - (38 - -24))
3
-1 + 31 - (417 - 422)
35
What is (53 - 63) + 6 + -1 - -1?
-4
What is the value of 1 + 13 + -26 + (0 - -3)?
-9
What is 11 - 22 - -50 - 8 - (-3 - -13)?
21
Evaluate 1 + (5 - (6 - (2 + 0))).
2
What is the value of -36 + 72 + -31 - 23?
-18
Calculate 1 - 2 - (957 - 947).
-11
-3 - (3 - 3) - (8 - 2)
-9
What is the value of -5 + (14 - (5 + 14) - (3 - 18))?
5
(-9 - 16) + (13 - 2)
-14
9 + -12 - (45 + -68)
20
What is the value of -10 - (-4 + (-22 - -2 - -8))?
6
Calculate 1 - -1 - ((-20 - -17 - 11) + 15).
1
Calculate 1 + (29 - 21) - 20.
-11
What is -11 - (-1 + 0 + -5)?
-5
Evaluate -2 + 1 - (-7 + (17 - 11) + -6).
6
Calculate -1 - (1 + -8 - (36 + -29 - -6)).
19
What is the value of (-6 - (1 + 17)) + 4 + 3 + 6?
-11
Calculate -2 + 16 + (12 - 8).
18
Evaluate (-1 - 27) + -958 + 978.
-8
-6 - (16 + (-2 - (-6 - -14)) + -18)
6
What is 2 + 0 + 1 - (16 + -15 + 13)?
-11
(6 - (6 + (0 - 10))) + 0
10
24 - -5 - (2 - -24)
3
What is -74 + 80 + (-1 - -2 - 2 - -7)?
12
Calculate (-2 - 3) + (183 - 165).
13
(-2 - (4 + 2)) + (6 - -11)
9
Calculate 0 + (6 - 14) + (2 - -1 - 1).
-6
Evaluate 10 + ((12 + -8 - 12) + 8 - 0).
10
What is 2 - (-1 + -6) - (0 - (-6 + -11))?
-8
Evaluate 10 - (-9 + 16 + -22 + (11 - -1)).
13
What is 19 + 2 + (-192 - -183)?
12
What is 2 + (8 - -7) + (-9 - 0) - 10?
-2
What is 4 + (-7 - 2) + 1 + 19?
15
Calculate (5 - -6) + (1 - 16).
-4
Calculate 1 + -47 - (-887 - -845).
-4
What is the value of 9 - (1 + (12 - 23))?
19
Calculate 99 + -106 + (25 - 0).
18
What is the value of (-20 - (18 + -40)) + 14 + -2?
14
What is the value of -5 - -10 - (44 - 17) - (-3 - -2)?
-21
What is the value of 11 + 6 + (-19 - -10 - 5)?
3
Evaluate -392 - -410 - (2 - -25).
-9
Evaluate (-19 + 19 - 1) + 6.
5
24 - (61 - 21) - (0 + -1)
-15
Evaluate -4 + 2 + -5 + 25 + 4 + -12.
10
What is the value of -17 - -3 - (-144 + 153)?
-23
Calculate -4 + (-7 - 2) + (-29 - -6).
-36
Evaluate -25 - -22 - (1 + -10).
6
-7 + 10 + (-9 - -10 - 2)
2
What is (25 - 12 - 19 - -19) + -33?
-20
What is the value of 5 + (10 - (-7 - -12) - (0 + -2))?
12
Calculate -24 + 52 - (4 + -2 + 3).
23
3 - -1 - (-22 - -18) - -6
14
Evaluate 11 + (-16 - 3) + (-3 - 6).
-17
Calculate (-5 - 8) + 43 + -35.
-5
What is 26 + -4 + -1 - ((-2 - 0) + 10)?
13
What is 28 - 39 - (-7 - (6 - 22) - 6)?
-14
27 - ((23 - 45) + 22)
27
Calculate -5 - -3 - -12 - 9.
1
Evaluate 8 + -2 - (-4 - (-6 + -3)).
1
Evaluate (140 - 128) + (1 - 15).
-2
Evaluate -64 - -64 - (-3 + -2 + 3 + -1).
3
What is the value of -9 - (-5 + 10 + -9 + (-18 - 5))?
18
Calculate 10 - (7 - -2) - (0 + 0 + -9).
10
What is the value of (8 - (3 + 0)) + -1 + 0 - 5?
-1
What is the value of -2 + 4 + -1 - (9 - (23 + -8))?
7
What is the value of (29 - -2 - 1) + 843 + -840?
33
What is the value of (1 - (-13 - 1)) + -188 + 178?
5
What is 12 - 1 - (89 + -78)?
0
What is (9 + 11 - 17) + -16?
-13
What is -3 - (-5 - (-2 - 4)) - (0 - 1)?
-3
Evaluate -5 - (-15 + 19 - (4 + 5)).
0
Calculate -22 + -4 + 7 + 12.
-7
What is -7 + (21 - 9) + -6 + 27?
26
Calculate -1073 + 1082 + (-8 - -1).
2
6 - (-4 + -3 + (-8 - -12) + -3)
12
Evaluate (-15 + 2 - -3) + (5 - -21).
16
What is the value of (-3 + 17 - 6) + -17?
-9
0 + (-36 - (12 - 60) - (2 + -1))
11
(-6 + 18 - (3 + -3)) + -9 + 1
4
What is (-1 - 8) + (-4 + -4 - (6 + -14))?
-9
Calculate -12 + -3 + (-22 - -29).
-8
What is (-2 - (2 - -1)) + 131 + -131 - -12?
7
What is -5 + 24 + -37 + 15?
-3
What is the value of -9 + 9 - (2 - 2) - (9 - 0)?
-9
What is the value of -13 + -3 + 2 - (-7 + 21 + -15)?
-13
What is 2 + 25 + -39 - (6 - -2)?
-20
What is the value of 8 + (-8 - -3 - (13 + -1)) + 1?
-8
What is the value of -25 - (1 - 4 - (-54 + 54)) - 3?
-25
(2 - 12 - 18) + 38
10
Calculate 4 - -41 - 36 - (-6 - 2).
17
Calculate 0 - (-5 - (-3 - 5)) - 14 - -5.
-12
Calculate -25 - -45 - 4 - 33.
-17
What is 1 + -1 - (282 - 290)?
8
Calculate (9 - 21 - -10) + (-17 - -3) + -4.
-20
Evaluate 23 - (2 + -28 - -58).
-9
Calculate 8 + 26 + -15 - 7.
12
What is -26 + (21 - 3) + 18?
10
What is the value of -8 - ((13 - 3) + -24) - (-6 - 0)?
12
Evaluate 43 + 0 + -186 + 165.
22
What is the value of 51 + -27 + 1 + -14?
11
-1 + 0 + 0 + (-10 - -7 - 2)
-6
Calculate (-198 - -236) + -61 + 0.
-23
(1 - -6) + (-6 - -3) - (-92 - -95)
1
What is the value of (6 - 3) + 2 - (26 + -25)?
4
Evaluate -18 + (10 - 1) + (-6 + 8 - 11).
-18
-7 + (12 - 21 - 0)
-16
What is (-1 + 17 - (3 - (9 - 7))) + 6?
21
What is 60 + -41 - (-5 + 12 + -6)?
18
What is (0 + 5 - 1) + (-28 - (-41 - -31))?
-14
What is the value of 1 + 1 + -2 - (57 - (45 - -23))?
11
What is the value of (9 - ((-6 - -4) + 24)) + 8?
-5
Calculate (3 - -16) + 6 + (61 - 66).
20
What is (6 - 0) + 0 - (1 + -4)?
9
Calculate 10 + -26 + 10 - (-1 + -16 + 0).
11
What is 14 - (-16 + 0 - (-1 - -1))?
30
Calculate 0 + (154 - 133) + (-8 - 0).
13
What is the value of 5 - (-25 - -25) - (1 - (8 + 1))?
13
Calculate (7 - -7) + -9 + -10.
-5
Evaluate (-6 - ((6 - -1) + -14)) + 4 - 4.
1
4 + 4 + -7 + 5 - (-209 + 194)
21
Evaluate -31 + 16 + 20 + -7.
-2
Calculate 1 + -20 + 16 + 3.
0
What is the value of (-4 - -21) + (3 - 7 - 1 - -7)?
19
What is 11 - 0 - (-3 + 2 - 2)?
14
-12 + (1 - -6) + 9 + 0
4
Calculate -7 - 0 - -9 - 10.
-8
What is 6 + -1 + (2 - -8 - (10 - 5))?
10
What is -215 - -208 - (0 - 2)?
-5
4 + (-5 - 5) - (-2 - 1)
-3
Calculate -4 - (-11 + (-1 + -18 - -16)).
10
What is 16 + -7 + 0 - 1 - (27 - 29)?
10
What is the value of (-29 - 7) + 28 - -8?
0
Calculate (-2 - -8) + (-14 - (-27 - -18)).
1
(6 + -2 + -16 - -7) + 0
-5
Evaluate (-11 - -2) + (-15 - (-14 - 1)).
-9
-1 - 13 - (-136 + 143) - -7
-14
What is -31 - -33 - (-15 - 3)?
20
Calculate -28 - -16 - (0 - (22 - 1)).
9
-1 + 8 + (0 - -6) + 31 + -34
10
(0 - -1 - (-1 + -2)) + -15
-11
What is -8 + 9 + -3 - -13?
11
What is -21 + (-8 - -5 - 0) + 1?
-23
What is the value of 0 - -3 - -4 - (-3 - (4 + -28))?
-14
1 - (-5 - (8 + (1 - 1) - 6))
8
(1 - 15) + (-125 - -139)
0
What is -8 + (-16 - 3) + 9?
-18
42 + -24 + (-22 - 9)
-13
Calculate -8 + 2 + -1 + (-21 - (-23 - -10)).
-15
Evaluate 4 + -3 - (89 - 98).
10
Calculate 33 - (-30 + (55 - -11)).
-3
-11 + (0 - 12) + 3
-20
Calculate (280 - 271) + -6 + -1.
2
Calculate (-41 - (-10 + 7) - -5) + (2 - -7).
-24
Calculate 6 - (47 - 54) - (-10 - 0).
23
Calculate 8 + -37 - ((0 - -3 - 2) + -8).
-22
What is the value of -1 + 11 + -50 + -50 + 88?
-2
What is 15 + -5 + -23 + 26?
13
Calculate (-7 - (1 - 0)) + -22 + (-8 - -27).
-11
What is -23 - 17 - (-22 - -1)?
-19
Calculate 18 - (-38 - -80) - -54.
30
(3 - 0) + -6 + 8 + 164 + -135
34
What is the value of -1 + 22 + (-22 - (18 - 59) - 15)?
25
-18 + -28 + (42 - 25)
-29
What is the value of 0 + (2 - (-7 - -22))?
-13
Calculate 10 + -7 + (-7 - -20) + -41.
-25
What is the value of 20 - (24 + -3 + (0 - 13))?
12
What is (3 - -17) + -29 + -1?
-10
What is (-2 - -19) + -12 + (-4 - (4 + -11))?
8
What is the value of (-3 - (-1 + 6 - (3 + -4))) + -3?
-12
What is the value of 7 + -5 + 1 + 10 + (3 - -5)?
21
9 - 1 - (-7 - 26 - -36)
5
What is the value of (115 - 130) + (0 - -6) + 0 + 6?
-3
-11 + 3 + 25 + -10 + -24
-17
What is the value of -2 - (4 - 1) - (-22 + 26)?
-9
Calculate 10 - 1 - (8 + 23 - (-1 + 4)).
-19
What is 2 + 12 - (-57 - -75) - (-1 + -5)?
2
Calculate -20 + 16 + -18 - -17.
-5
(-28 - (-3 - -2)) + (27 - 38)
-38
(-19 - (-13 + -38)) + -15
17
What is the value of (6 - 14) + 10 - 4?
-2
Evaluate 2 + -6 + 15 + (-3 + 2 - -3).
13
Evaluate 6 - (18 + -16 - (0 + (-3 - -2))).
3
Evaluate -40 + 34 - (3 - 9).
0
-10 + -16 + (30 - 14) - (-8 + -3)
1
Evaluate 19 + -27 + 1 + 12 + -14.
-9
What is (16 - (-3 - -33)) + (-4 - -6)?
-12
Evaluate 215 + -195 + (-15 - -5).
10
Calculate -10 + (-11 - (-28 - -2)).
5
Calculate -18 - (-30 - -16) - (1 + 12).
-17
8 + (8 - 46) + 17
-13
3 - 12 - (400 - 397)
-12
What is -41 - -33 - (-2 - 9) - -6?
9
What is the value of -28 - (4 + 0 + -14 - 0)?
-18
Calculate -2 - (-11 - (21 